b = y - 1. List the prime factors of b.
2
Let b(j) = -j**2 + 7*j - 2. Let m be b(8). Let i be 2/m + 160/50. Suppose 0 = 5*q - i*q - 38. What are the prime factors of q?
19
Suppose -2*q + 7 + 3 = 0. Suppose 4*m + 4*p - 48 = 0, -q*m + 3*m = 4*p - 32. What are the prime factors of m?
2
Suppose -6*n + 216 + 720 = 0. List the prime factors of n.
2, 3, 13
Suppose 5*u + 0*u = 35. Let m be (-6)/(-9) - u/(-3). What are the prime factors of (2 - m)/((-1)/18)?
2, 3
Suppose -2*k - k - 155 = -5*n, n - 31 = 5*k. Let q = -1 + -18. Let t = q + n. What are the prime factors of t?
2, 3
Suppose 0 = -10*p + p + 981. List the prime factors of p.
109
Let p = -32 + 76. What are the prime factors of p?
2, 11
Let k(v) = -32*v**2 + v. Let h be k(-1). Let b = h - -65. List the prime factors of b.
2
Let a(r) = r**2 + 7*r + 5. What are the prime factors of a(-8)?
13
Let m be 2/6 + (-15)/(-9). Suppose -3*g = 4*h - 5, -g + m - 13 = -5*h. List the prime factors of (0 + 0 - -6)/h.
3
Let v be 3/5 + (-21)/35. Suppose 4*x = v, -2*t - x = -2*x. Suppose 0 = -t*y + 2*y - 20. List the prime factors of y.
2, 5
Let x(g) = -2*g - g**2 - 2*g - 2*g. Let p be x(-5). What are the prime factors of 3/5 - (-17)/p?
2
Suppose 1020 = -108*p + 113*p. List the prime factors of p.
2, 3, 17
Let j(t) be the second derivative of -t**5/20 + 7*t**4/12 + 4*t**3/3 - 6*t**2 - t. Let c be j(8). List the prime factors of 22/(-3)*18/c.
11
Let z(p) = -p - 3. Let s be z(-4). Suppose -6*x = 5*a - x - 40, 0 = -a + 5*x + 26. What are the prime factors of a*((-2)/s + 3)?
11
Let d = -1 + 1. Suppose d = c + 4*q - 25, -c - 2*q + 10 + 5 = 0. Suppose t - 16 + 0 = -c*u, 3*u = -t + 10. What are the prime factors of u?
3
Let h be 12/9 + 2/(-6). Suppose l + 7 + 17 = 0. List the prime factors of (h/2)/((-2)/l).
2, 3
Suppose 5*t = t + 3*r + 96, -5*r = 0. What are the prime factors of t?
2, 3
Suppose 0 = 16*c - 13*c - 633. What are the prime factors of c?
211
Suppose 5*w = 20, 14 = j - 3*j + w. Let g = 16 + j. Suppose -f + g = -0*f. List the prime factors of f.
11
Let t(o) = 2*o - 7. Suppose 5*r - 4*c = 70, -67 = -4*r + 6*c - 5*c. Suppose 0 = 2*b + b - r. List the prime factors of t(b).
5
Let p(k) = 3*k + 13. Let w be p(-10). Let y = -11 - w. What are the prime factors of y?
2, 3
Suppose -b - 5 = -2*h, -b = 1 - 2. Let x(j) = h*j**2 - 6*j + 0*j + 3*j. List the prime factors of x(2).
2, 3
Suppose -o = -5 - 22. List the prime factors of o.
3
List the prime factors of (-1 - 8)*7/(-3).
3, 7
Suppose -f - 2*f = 0. Let k(x) = x**3 + x**2 + x + 4. What are the prime factors of k(f)?
2
Let u = -10 - -12. What are the prime factors of u?
2
Let a be ((-18)/(-15))/(2/5). What are the prime factors of 16 + 0/(9/a)?
2
Let g = 7 - 1. Suppose -g*n = -109 + 7. List the prime factors of n.
17
Let q = -2 + -3. Let y(t) = -4*t**2 - 2*t + 3. Let d(h) = h**2. Let n(v) = -3*d(v) - y(v). List the prime factors of n(q).
2, 3
Let g(p) = -p - 8. Let j be g(-10). What are the prime factors of (-10 + j)/2 - -25?
3, 7
Let c(q) = q + 15. Let b = -32 - -20. What are the prime factors of c(b)?
3
Let y(r) = r**2 - r - 1. Let w(k) = -3*k**2 + 3*k + 43. Let g(t) = w(t) + 4*y(t). What are the prime factors of g(0)?
3, 13
Let z(k) = k - 1. Let d be z(1). Let p = 4 - d. Suppose -p*h - 3*b + 48 = 0, -2*b + 8 = -0*b. What are the prime factors of h?
3
Suppose -4*c - 115 - 193 = -3*b, -5*c - 88 = -b. What are the prime factors of b?
2, 3
Let b(c) be the second derivative of -1/3*c**3 + c - 1/2*c**4 - 1/20*c**5 - 7/2*c**2 + 0. List the prime factors of b(-6).
5
Let u = 8 - -10. What are the prime factors of u?
2, 3
Let f(a) = a + 8. Let j be f(-8). Suppose -n - 3*n = j. Suppose -2*u + 8 = -2*c - n, -c = -2*u + 13. What are the prime factors of u?
3
Let a(k) be the second derivative of k**4/12 - k**3/6 - k**2 + 2*k. What are the prime factors of a(-4)?
2, 3
Let a = 30 + -2. What are the prime factors of a?
2, 7
Suppose 3*q - k - 3*k - 1 = 0, 3*q + 1 = 2*k. What are the prime factors of 1 - (1 + -3 + q)?
2
Let i = -160 + 392. List the prime factors of i.
2, 29
Suppose 0 = -5*b + y + 182, b + y + 38 = 2*b. What are the prime factors of b?
2, 3
Suppose 0 = -11*k + 2444 - 541. What are the prime factors of k?
173
Let x be -13 - -10 - (1 + -2). List the prime factors of (0 + x)/(-2) - -29.
2, 3, 5
Let x(g) = 2*g + 2. Let p be x(-6). Let j(h) = -h - 7. What are the prime factors of j(p)?
3
Suppose 12 = y + 3*z, 14 = 5*z - 11. Let d(i) be the first derivative of -3*i**2/2 + 3*i + 8. What are the prime factors of d(y)?
2, 3
Suppose 3 = 3*f - 0. Let i be (f/2)/(2/(-4)). List the prime factors of ((-3)/(-6))/(i/(-24)).
2, 3
Let v be (-8)/(2 + -3) - 2. Suppose 3*j = -v*n + n - 54, -5*j = -10. Let t = n - -23. List the prime factors of t.
11
Let g(c) be the first derivative of -2*c**4 - c**2 - c - 1. What are the prime factors of g(-1)?
3
Let y(z) = -z**2 - 5*z - 4. Let l(x) = -x. Let o(f) = 2*f + 1. Let j(b) = 4*l(b) + 3*o(b). Let q be j(-3). What are the prime factors of y(q)?
2
Suppose 3*u + 380 = 4*p - u, -5 = -u. What are the prime factors of p?
2, 5
Suppose -5*v - 4*p = -p - 60, 4*v - 4*p = 16. List the prime factors of v.
3
Suppose 281 = 9*y - 457. What are the prime factors of y?
2, 41
List the prime factors of 744/4 - (0 - (0 - 1)).
5, 37
Suppose -7*h + 3*h - 28 = 0. Let j(k) = k**3 + 7*k**2 + 8. List the prime factors of j(h).
2
Suppose -5 = n, -10 = g + 5*n + 11. Suppose 0*a + g = 4*a. What are the prime factors of 7/(-2)*a*-2?
7
Suppose -3*x + 7*x = -12. Let y be (1/x)/((-3)/18). What are the prime factors of (-2)/((-2)/9) + y?
11
Let y(r) = -3*r. Let p be 1*-4 + 3/3. Let c = -1 + p. What are the prime factors of y(c)?
2, 3
Suppose 80 + 294 = 17*t. What are the prime factors of t?
2, 11
Let l(s) = -s**2 - 5*s + 3. Let x be l(-5). Let o = x + 0. List the prime factors of o.
3
Let n be (-735)/25 + 2/5. Let w = n - -49. What are the prime factors of w?
2, 5
Suppose -5*s - 30 + 130 = 0. Suppose -5*r + 4*h = -42, -s = -r - 7*h + 2*h. Let a = r + -1. What are the prime factors of a?
3
Let j(t) = 10*t**2 - t + 1. List the prime factors of j(-3).
2, 47
Suppose -3*d = -162 - 99. Let s = d - 41. Suppose 3*c + 1 = s. What are the prime factors of c?
3, 5
Let i = -35 + 50. List the prime factors of i.
3, 5
Let v be 46/2 - 6/6. Let u = v - 6. List the prime factors of u.
2
Suppose -l + 3*u = -30, l + u = -3*l + 185. What are the prime factors of l?
3, 5
Suppose -s = -0*m - 2*m + 1, 2*s = -2*m + 16. Let i = m - 1. Let o = i + 0. List the prime factors of o.
2
Suppose 3 = 2*b - 3. Suppose -b*i + 4*i = -2*h + 37, i - 3 = 0. List the prime factors of h.
17
Let p(d) = 5*d + 43. What are the prime factors of p(19)?
2, 3, 23
Let y = -116 + 186. What are the prime factors of y?
2, 5, 7
Let b = 12 + 20. What are the prime factors of b?
2
Suppose h - 3*h = -2*t + 176, -268 = -3*t - h. What are the prime factors of t?
89
Let q = 18 - 13. Suppose 0 = -q*o + 2*w + 89, 0 = -o - o - w + 41. List the prime factors of o.
19
Let s = 16 + -9. Let y = 44 + -24. Suppose -3*m = -y - s. List the prime factors of m.
3
Suppose 0 = 5*j - 8 - 2. Suppose j*o - 23 = -4*x + 5*o, x = -3*o + 2. Suppose 3*l + x = 29. List the prime factors of l.
2
Let g be 7/5 + 18/30. Suppose -24 = -g*f - y, -4*y + 0*y + 8 = 0. What are the prime factors of f?
11
Let z(g) = g**2 + 6*g + 3. What are the prime factors of z(-9)?
2, 3, 5
Let b = -174 - -580. What are the prime factors of b?
2, 7, 29
Suppose 24 + 15 = 3*w. Suppose 3*z - 8 = 2*t, 4*t - 5*z + 1 + w = 0. List the prime factors of 11 - t/(2/4).
13
Suppose -4*d - 2*l = 10 - 2, 0 = l + 2. Let n be 0/(-6) + (d - -41). Suppose n = 4*s - 4*u, -4 = -0*s - s - 2*u. What are the prime factors of s?
2
Suppose 18 = 3*s + 3. Suppose -3*n = -s*n + 10. Let l(k) = k**3 - 4*k**2 - 3*k - 1. List the prime factors of l(n).
3
Suppose -5*n = 20 + 10. Let b = n - -14. List the prime factors of (-1)/1 + 0 + b.
7
Let g(q) = 2*q**3 + q**2 - q. Let v be g(1). What are the prime factors of 3 + -2*(v + -9)?
17
Let s be (2/(-6))/(5/30). Let l(z) = 2*z**2 - 2. Let a be l(s). Let h(i) = -i**3 + 6*i**2 + 2*i + 3. List the prime factors of h(a).
3, 5
Let f = 36 + -21. What are the prime factors of (-6)/f - 37/(-5)?
7
Let a(w) = w**2 + w - 3. Let r be 5 - ((1 - 1) + 2). Let q be a(r). Suppose 2*v = 3